{"id":40,"date":"2021-11-12T22:15:39","date_gmt":"2021-11-13T04:15:39","guid":{"rendered":"http:\/\/www.medran.net\/?page_id=40"},"modified":"2026-01-10T19:16:22","modified_gmt":"2026-01-11T01:16:22","slug":"descargas","status":"publish","type":"page","link":"http:\/\/www.medran.net\/?page_id=40","title":{"rendered":"Descargas"},"content":{"rendered":"\n<h2 class=\"wp-block-heading\">Descarga de software<\/h2>\n\n\n\n<ul class=\"wp-block-list\">\n<li><a href=\"http:\/\/www.medran.net\/facturame\">Factura.Me<\/a>: Aplicacion para realizar y timbrar facturas, notas de credito, nomina, etc.<\/li>\n\n\n\n<li><a href=\"http:\/\/www.medran.net\/facturameplus\">Factura.MePlus<\/a>: Aplicaci\u00f3n dise\u00f1ada para todos los aspectos necesarios para administrar por completo tu empresa y recursos, es una versi\u00f3n completa que contiene todo lo que contiene la versi\u00f3n b\u00e1sica, mas un control de compras, inventarios, gastos&#8230;. entre muchos otros m\u00f3dulos.<\/li>\n<\/ul>\n\n\n\n<h2 class=\"wp-block-heading\">Descarga de <strong>complementos<\/strong> y parches<\/h2>\n\n\n\n<p>En algunas ocaciones nuestros sistemas necesitan una peque\u00f1a ayuda, aqui podras descargar esas aplicaciones para darle funcionalidad a nuestros productos:<\/p>\n\n\n\n<ul class=\"wp-block-list\">\n<li><a href=\"http:\/\/medran.net\/soporte\/vcredist_x64.exe\">Visual C++ Redistributable form Visual Studio 2012:<\/a>Esta dependencia es necesaria <strong>(Versi\u00f3n x64)<\/strong> sobre todo para equipos con sistemas operativos previos a windows 10. Instalar para que puedas aprovechar al maximo timbrado tus facturas, complementos de pago, n\u00f3minas, etc\u2026 El error mas com\u00fan que se muestra en el programa es <strong>&#8220;No se puede cargar el archivo o ensamblado &#8216;ChilotaDotNet45.dll&#8217; ni una de sus dependencias&#8221;<\/strong><\/li>\n\n\n\n<li><a href=\"http:\/\/medran.net\/soporte\/CRRuntime_64bit_13_0_30.msi\">Crystal Reports Runtime x64:<\/a> este parche te permite instalar el modulo de impresi\u00f3n del programa.<\/li>\n<\/ul>\n\n\n\n<p>Se ha dejado de dar servicio a las plataformas de 32 bits\u2026 y se empiezan a generar las aplicaciones en .net 8, enfoc\u00e1ndonos en las multiplataformas y desarrollos modulares.<\/p>\n\n\n\n<h2 class=\"wp-block-heading\">Descarga de Plantillas para Importar Datos<\/h2>\n\n\n\n<h3 class=\"wp-block-heading\">Plantilla &#8220;Importar Cobros&#8221;<\/h3>\n\n\n\n<p>Esta plantilla permite hacer la importaci\u00f3n de los cobros realizados, hay que tener los siguientes puntos a consideraci\u00f3n:<\/p>\n\n\n\n<ul class=\"wp-block-list\">\n<li>Cuidar que la fecha del cobro tenga par\u00e1metros v\u00e1lidos, introducir fechas posteriores al d\u00eda de hoy podr\u00eda dar resultados no deseados<\/li>\n\n\n\n<li>El Beneficiario debe introducirse el numero de cliente del sistema, si desea considerar el cobro mediante RFC del documento existente, poner 0 (cero).<\/li>\n\n\n\n<li>Si pone un valor en factura, el valor de la remisi\u00f3n debe ser 0 (Cero) y viceversa.<\/li>\n<\/ul>\n\n\n\n<p>En la plantilla se incluyen 10 renglones de ejemplo, mismos que debe borrar para poder hacer uso de la misma.<\/p>\n\n\n\n<p>Descargar Archivo <a href=\"http:\/\/medran.net\/soporte\/PlantillaCobros.xlsx\">PlantillaCobros.xlsx<\/a><\/p>\n\n\n\n<h3 class=\"wp-block-heading\">Plantilla &#8220;Importar Pagos&#8221; de gastos<\/h3>\n\n\n\n<p>Esta plantilla sirve para el registro de pagos realizados en gastos \u00fanicamente Puntos a considerar:<\/p>\n\n\n\n<ul class=\"wp-block-list\">\n<li>Unicamente registra Pagos de gastos, no de compras ni de activo fijo.<\/li>\n\n\n\n<li>El Beneficiario debe introducirse el numero de cliente del sistema, si desea considerar el cobro mediante RFC del documento existente, poner 0 (cero).<\/li>\n\n\n\n<li>Si pone un valor en factura, el valor de la remisi\u00f3n debe ser 0 (Cero) y viceversa.<\/li>\n<\/ul>\n\n\n\n<p>Descargar Archivo <a href=\"http:\/\/medran.net\/soporte\/PlantillaPagos.xlsx\">PlantillaPagos.xlsx<\/a><\/p>\n","protected":false},"excerpt":{"rendered":"<p>Descarga de software Descarga de complementos y parches En algunas ocaciones nuestros sistemas necesitan una peque\u00f1a ayuda, aqui podras descargar esas aplicaciones para darle funcionalidad a nuestros productos: Se ha dejado de dar servicio a las plataformas de 32 bits\u2026 y se empiezan a generar las aplicaciones en .net 8, enfoc\u00e1ndonos en las multiplataformas y [&hellip;]<\/p>\n","protected":false},"author":1,"featured_media":0,"parent":11,"menu_order":0,"comment_status":"closed","ping_status":"closed","template":"","meta":{"footnotes":""},"class_list":["post-40","page","type-page","status-publish","hentry"],"_links":{"self":[{"href":"http:\/\/www.medran.net\/index.php?rest_route=\/wp\/v2\/pages\/40","targetHints":{"allow":["GET"]}}],"collection":[{"href":"http:\/\/www.medran.net\/index.php?rest_route=\/wp\/v2\/pages"}],"about":[{"href":"http:\/\/www.medran.net\/index.php?rest_route=\/wp\/v2\/types\/page"}],"author":[{"embeddable":true,"href":"http:\/\/www.medran.net\/index.php?rest_route=\/wp\/v2\/users\/1"}],"replies":[{"embeddable":true,"href":"http:\/\/www.medran.net\/index.php?rest_route=%2Fwp%2Fv2%2Fcomments&post=40"}],"version-history":[{"count":18,"href":"http:\/\/www.medran.net\/index.php?rest_route=\/wp\/v2\/pages\/40\/revisions"}],"predecessor-version":[{"id":575,"href":"http:\/\/www.medran.net\/index.php?rest_route=\/wp\/v2\/pages\/40\/revisions\/575"}],"up":[{"embeddable":true,"href":"http:\/\/www.medran.net\/index.php?rest_route=\/wp\/v2\/pages\/11"}],"wp:attachment":[{"href":"http:\/\/www.medran.net\/index.php?rest_route=%2Fwp%2Fv2%2Fmedia&parent=40"}],"curies":[{"name":"wp","href":"https:\/\/api.w.org\/{rel}","templated":true}]}}